{"id":34131,"date":"2025-03-27T21:22:19","date_gmt":"2025-03-27T21:22:19","guid":{"rendered":"https:\/\/shop.agricortes.com\/?post_type=product&#038;p=34131"},"modified":"2026-05-03T12:55:09","modified_gmt":"2026-05-03T12:55:09","slug":"carreto-z49-z17-afgear-comp-helical-49t-spur-17t","status":"publish","type":"product","link":"https:\/\/shop.agricortes.com\/en\/product\/carreto-z49-z17-afgear-comp-helical-49t-spur-17t\/","title":{"rendered":"<SPAN CLASS='ALIDATA-PT'>CARRETO Z49\/Z17 AF<\/SPAN><SPAN CLASS='ALIDATA-EN'>GEAR COMP , HELICAL 49T SPUR 17T<\/SPAN>"},"content":{"rendered":"<p>KIT DAS GAMAS M\u00c9DIAS E ALTAS<br \/>\nAltera\u00e7\u00e3o deve levar :<br \/>\n1x 19022220014 carreto Z14 fig411\/10<br \/>\n1x 19022220082 anilha 37x40x6<br \/>\n1x 19022242103 carreto Z49\/17<br \/>\n2x 19022251160<\/p>\n","protected":false},"excerpt":{"rendered":"<p>KIT DAS GAMAS M\u00c9DIAS E ALTAS Altera\u00e7\u00e3o deve levar : 1x 19022220014 carreto Z14 fig411\/10 1x 19022220082 anilha 37x40x6 1x 19022242103 carreto Z49\/17 2x 19022251160<\/p>\n","protected":false},"featured_media":28844,"template":"","meta":{"_acf_changed":false},"product_brand":[],"product_cat":[1693,1676,1675,1712,1705,1706],"product_tag":[],"class_list":{"0":"post-34131","1":"product","2":"type-product","3":"status-publish","4":"has-post-thumbnail","6":"product_cat-transmissao-tratores-tym","7":"product_cat-tratores-tym","8":"product_cat-tym","9":"product_cat-transmission-tym-tractors-en","10":"product_cat-tym-en","11":"product_cat-tym-tractors-en","13":"first","14":"instock","15":"taxable","16":"shipping-taxable","17":"purchasable","18":"product-type-simple"},"acf":[],"aioseo_notices":[],"_links":{"self":[{"href":"https:\/\/shop.agricortes.com\/en\/wp-json\/wp\/v2\/product\/34131","targetHints":{"allow":["GET"]}}],"collection":[{"href":"https:\/\/shop.agricortes.com\/en\/wp-json\/wp\/v2\/product"}],"about":[{"href":"https:\/\/shop.agricortes.com\/en\/wp-json\/wp\/v2\/types\/product"}],"wp:featuredmedia":[{"embeddable":true,"href":"https:\/\/shop.agricortes.com\/en\/wp-json\/wp\/v2\/media\/28844"}],"wp:attachment":[{"href":"https:\/\/shop.agricortes.com\/en\/wp-json\/wp\/v2\/media?parent=34131"}],"wp:term":[{"taxonomy":"product_brand","embeddable":true,"href":"https:\/\/shop.agricortes.com\/en\/wp-json\/wp\/v2\/product_brand?post=34131"},{"taxonomy":"product_cat","embeddable":true,"href":"https:\/\/shop.agricortes.com\/en\/wp-json\/wp\/v2\/product_cat?post=34131"},{"taxonomy":"product_tag","embeddable":true,"href":"https:\/\/shop.agricortes.com\/en\/wp-json\/wp\/v2\/product_tag?post=34131"}],"curies":[{"name":"wp","href":"https:\/\/api.w.org\/{rel}","templated":true}]}}

<p>KIT DAS GAMAS MÉDIAS E ALTAS<br />
Alteração deve levar :<br />
1x 19022220014 carreto Z14 fig411/10<br />
1x 19022220082 anilha 37x40x6<br />
1x 19022242103 carreto Z49/17<br />
2x 19022251160</p>

<p>KIT DAS GAMAS MÉDIAS E ALTAS Alteração deve levar : 1x 19022220014 carreto Z14 fig411/10 1x 19022220082 anilha 37x40x6 1x 19022242103 carreto Z49/17 2x 19022251160</p>
